t the prime factors of 2678350.
2, 5, 17, 23, 137
List the prime factors of 753340.
2, 5, 7, 5381
What are the prime factors of 36714183?
3, 11, 101141
List the prime factors of 1724500.
2, 5, 3449
What are the prime factors of 24014?
2, 12007
List the prime factors of 3352156.
2, 838039
What are the prime factors of 3075078?
2, 3, 283, 1811
What are the prime factors of 10915225?
5, 23, 41, 463
List the prime factors of 46548.
2, 3, 431
List the prime factors of 3681328.
2, 7, 32869
List the prime factors of 868801.
868801
What are the prime factors of 448387?
448387
List the prime factors of 439275.
3, 5, 5857
List the prime factors of 214643.
11, 13, 19, 79
List the prime factors of 351441.
3, 17, 2297
What are the prime factors of 6228824?
2, 7, 111229
List the prime factors of 4595225.
5, 183809
What are the prime factors of 2263241?
41, 55201
List the prime factors of 1217659.
17, 41, 1747
What are the prime factors of 28178857?
7, 4025551
List the prime factors of 2695245.
3, 5, 7, 19, 193
List the prime factors of 154249.
73, 2113
What are the prime factors of 123455?
5, 24691
List the prime factors of 33357323.
33357323
List the prime factors of 5048975.
5, 47, 4297
What are the prime factors of 72302?
2, 36151
What are the prime factors of 1982563?
11, 180233
List the prime factors of 40728068.
2, 109, 857
List the prime factors of 15061480.
2, 5, 7, 53791
What are the prime factors of 29181302?
2, 19, 61, 12589
What are the prime factors of 2932293?
3, 7, 13, 23, 467
What are the prime factors of 8976332?
2, 337, 6659
List the prime factors of 197260.
2, 5, 7, 1409
List the prime factors of 3204448.
2, 13, 7703
What are the prime factors of 1314261?
3, 13, 47, 239
List the prime factors of 1660777.
619, 2683
What are the prime factors of 2102807?
7, 71, 4231
What are the prime factors of 323702?
2, 23, 31, 227
What are the prime factors of 339365?
5, 13, 23, 227
What are the prime factors of 332750?
2, 5, 11
What are the prime factors of 870458?
2, 23, 127, 149
What are the prime factors of 13400280?
2, 3, 5, 37223
List the prime factors of 558879.
3, 241, 773
List the prime factors of 421429.
23, 73, 251
What are the prime factors of 3116911?
7, 59, 7547
What are the prime factors of 796234?
2, 398117
List the prime factors of 27664.
2, 7, 13, 19
List the prime factors of 129560.
2, 5, 41, 79
What are the prime factors of 4630928?
2, 43, 53, 127
List the prime factors of 1494911.
11, 37, 3673
What are the prime factors of 225672?
2, 3, 9403
What are the prime factors of 220692?
2, 3, 53, 347
What are the prime factors of 182823?
3, 149, 409
List the prime factors of 21761115.
3, 5, 1450741
What are the prime factors of 3150827?
19, 165833
List the prime factors of 10702122.
2, 3, 1021, 1747
What are the prime factors of 5391632?
2, 336977
What are the prime factors of 346690?
2, 5, 37, 937
What are the prime factors of 453652?
2, 23, 4931
What are the prime factors of 1564304?
2, 7, 13967
List the prime factors of 1571035.
5, 223, 1409
What are the prime factors of 1000913?
67, 14939
What are the prime factors of 27478654?
2, 7, 1962761
What are the prime factors of 518632?
2, 241, 269
What are the prime factors of 891512?
2, 111439
List the prime factors of 456274.
2, 7, 13, 23, 109
List the prime factors of 1487038.
2, 7, 106217
List the prime factors of 3620872.
2, 439, 1031
List the prime factors of 43412.
2, 10853
List the prime factors of 17190843.
3, 73, 78497
What are the prime factors of 7644244?
2, 1911061
List the prime factors of 993788.
2, 248447
What are the prime factors of 936406?
2, 83, 5641
List the prime factors of 2188840.
2, 5, 54721
What are the prime factors of 642242?
2, 317, 1013
List the prime factors of 4385664.
2, 3, 47
List the prime factors of 20695.
5, 4139
List the prime factors of 720785.
5, 13, 853
What are the prime factors of 233212?
2, 7, 8329
List the prime factors of 11799472.
2, 41, 17987
List the prime factors of 11575647.
3, 23, 55921
List the prime factors of 287339.
13, 23, 31
What are the prime factors of 227359?
11, 1879
What are the prime factors of 314927?
314927
List the prime factors of 26592.
2, 3, 277
List the prime factors of 338268.
2, 3, 7, 4027
List the prime factors of 1961936.
2, 17, 7213
What are the prime factors of 4882356?
2, 3, 5023
List the prime factors of 9861340.
2, 5, 493067
What are the prime factors of 1801498?
2, 23, 39163
What are the prime factors of 106750?
2, 5, 7, 61
List the prime factors of 1453649.
73, 19913
List the prime factors of 92358.
2, 3, 7, 733
List the prime factors of 9826387.
2381, 4127
What are the prime factors of 1706?
2, 853
List the prime factors of 217048.
2, 13, 2087
List the prime factors of 1955105.
5, 391021
What are the prime factors of 424483?
31, 13693
List the prime factors of 5871390.
2, 3, 5, 7, 73, 383
What are the prime factors of 19024844?
2, 577, 8243
List the prime factors of 13656332.
2, 29, 117727
List the prime factors of 160760.
2, 5, 4019
What are the prime factors of 285902?
2, 163, 877
List the prime factors of 2045982.
2, 3, 41, 8317
List the prime factors of 1259994.
2, 3, 373, 563
List the prime factors of 65510.
2, 5, 6551
What are the prime factors of 315807?
3, 105269
List the prime factors of 251144.
2, 31393
What are the prime factors of 567231?
3, 7, 27011
List the prime factors of 675409.
7, 96487
What are the prime factors of 38948?
2, 7, 13, 107
What are the prime factors of 6528668?
2, 1632167
List the prime factors of 32748.
2, 3, 2729
List the prime factors of 1996010.
2, 5, 199601
List the prime factors of 832138.
2, 137, 3037
What are the prime factors of 3000430?
2, 5, 300043
What are the prime factors of 812226?
2, 3, 17, 7963
List the prime factors of 194181.
3, 13, 383
What are the prime factors of 207179?
7, 17, 1741
List the prime factors of 150628.
2, 37657
What are the prime factors of 1564722?
2, 3, 86929
What are the prime factors of 11371833?
3, 11, 12763
List the prime factors of 234150.
2, 3, 5, 7, 223
What are the prime factors of 209680?
2, 5, 2621
List the prime factors of 387711.
3, 23, 1873
List the prime factors of 9956349.
3, 13, 43, 1979
List the prime factors of 2191886.
2, 31, 35353
What are the prime factors of 155806?
2, 7, 31, 359
What are the prime factors of 3686612?
2, 499, 1847
What are the prime factors of 15479607?
3, 11, 13, 36083
What are the prime factors of 15016204?
2, 7, 536293
What are the prime factors of 106866?
2, 3, 1979
List the prime factors of 37701.
3, 59, 71
List the prime factors of 7223095.
5, 11, 11939
List the prime factors of 791037.
3, 13, 6761
What are the prime factors of 885015?
3, 5, 71, 277
List the prime factors of 328054.
2, 19, 89, 97
List the prime factors of 34943455.
5, 6988691
List the prime factors of 2327112.
2, 3, 32321
List the prime factors of 101393.
41, 2473
What are the prime factors of 4143695?
5, 43, 19273
What are the prime factors of 2662128?
2, 3, 7, 19, 139
List the prime factors of 185445.
3, 5, 13, 317
List the prime factors of 412574.
2, 23, 8969
List the prime factors of 294959.
7, 29, 1453
List the prime factors of 2483034.
2, 3, 19, 23, 947
What are the prime factors of 12414432?
2, 3, 89, 1453
List the prime factors of 2500719.
3, 13, 37, 1733
What are the prime factors of 130622?
2, 241, 271
What are the prime factors of 186762?
2, 3, 17, 1831
What are the prime factors of 129275?
5, 5171
List the prime factors of 902846.
2, 7, 64489
What are the prime factors of 4909502?
2, 13, 188827
What are the prime factors of 8056538?
2, 7, 17, 33851
List the prime factors of 7260485.
5, 41, 107, 331
List the prime factors of 246587.
11, 29, 773
What are the prime factors of 25212186?
2, 3, 23, 60899
List the prime factors of 924331.
19, 48649
List the prime factors of 16542650.
2, 5, 330853
What are the prime factors of 1324008?
2, 3, 7, 37, 71
What are the prime factors of 26591?
26591
List the prime factors of 220456.
2, 17, 1621
List the prime factors of 7575804.
2, 3, 127, 1657
What are the prime factors of 339172?
2, 84793
List the prime factors of 1441760.
2, 5, 9011
List the prime factors of 2879214.
2, 3, 13, 36913
What are the prime factors of 1472247?
3, 7, 23369
What are the prime factors of 2626560?
2, 3,